{"id":306,"date":"2015-12-16T09:54:28","date_gmt":"2015-12-16T08:54:28","guid":{"rendered":"http:\/\/www.muwit.it\/eggerhof\/it\/urlaubsinfos\/"},"modified":"2020-03-07T10:25:26","modified_gmt":"2020-03-07T09:25:26","slug":"info-vacanza","status":"publish","type":"page","link":"https:\/\/www.eggerhof.net\/it\/info-vacanza\/","title":{"rendered":"Info vacanza"},"content":{"rendered":"<h1>\u201eWos no wichtig isch!\u201c<\/h1>\n<h2>Cose importanti!<\/h2>\n<p>Vi abbiamo gi\u00e0 raccontato molto del nostro maso, ma non vi abbiamo detto tutto. Vorremmo darvi ancora un paio di informazioni importanti prima dell&#8217;inizio della vostra vacanza al maso Eggerhof: \u00e8 importante che sappiate cosa \u00e8 compreso nei nostri prezzi e che i vostri amici a quattro zampe sono i benvenuti.<\/p>\n<p>Di seguito troverete un elenco di informazioni importanti per rendere il vostro soggiorno al maso Eggerhof a Racines ancora pi\u00f9 bello e confortevole.<\/p>\n<ul>\n<li>I prezzi s\u2019intendono per persona, al giorno, solo per il pernottamento.<\/li>\n<li>Le pulizie finali sono comprese nel prezzo. Tutta la biancheria da letto, da tavola e gli asciugamani sono compresi.<\/li>\n<li>W-Lan gratuito in tutti gli appartamenti<\/li>\n<li>Gli appartamenti sono disponibili dalle ore 14:00 del giorno d&#8217;arrivo. Gli ospiti sono pregati di lasciare gli appartamenti entro le ore 09:30 del giorno di partenza.<\/li>\n<\/ul>\n<h2>Per un soggiorno ancora pi\u00f9 piacevole:<\/h2>\n<ul>\n<li>Su richiesta vi portiamo pane fresco ogni mattina. Cominciare la giornata con<br \/>\ndel pane croccante sulla tavola \u00e9 qualcosa di magnifico!<\/li>\n<\/ul>\n<h2>Importanti informazioni:<\/h2>\n<p>Per arrivi in ritardo o partenze anticipate \u00e8 previsto l&#8217;addebito dei costi, previsti per legge, per i letti vuoti. Confidiamo nella vostra comprensione, perch\u00e9 per noi un letto vuoto \u00e8 una gran perdita.<\/p>\n<h2>Cancellazioni:<\/h2>\n<ul>\n<li>Per cancellazioni effettuate da 3 mesi a 4 settimane prima dell\u2019arrivo si addebita il 50% del prezzo del soggiorno.<\/li>\n<li>Per cancellazioni effettuate nelle ultime 4 settimane prima della data di arrivo si addebita il 100% del prezzo del soggiorno.<\/li>\n<\/ul>\n<h2>Cani ammessi solo su richiesta!<\/h2>\n<p>Per il vostro amato amico a quattro zampe calcoliamo 5 euro al giorno (cibo non incluso). Vi chiediamo gentilmente di portare il suo cestino\/cuscino per farlo dormire.<\/p>\n<p><em>Informazione obbligatoria ai sensi del Regolamento UE n. 524\/2016 del Parlamento europeo e del Consiglio<br \/>\nPiattaforma per la risoluzione delle controversie online dei consumatori (ODR) della Commissione europea: <\/em><a href=\"http:\/\/www.hgv.it\/index.php?id=1516&amp;rid=t_423&amp;mid=5572&amp;aC=55b91131&amp;jumpurl=2\"><em>http:\/\/ec.europa.eu\/consumers\/odr\/<\/em><\/a><\/p>","protected":false},"excerpt":{"rendered":"<p>\u201eWos no wichtig isch!\u201c Cose importanti! Vi abbiamo gi\u00e0 raccontato molto del nostro maso, ma non vi abbiamo detto tutto. Vorremmo darvi ancora un paio di [&hellip;]<\/p>\n","protected":false},"author":1,"featured_media":0,"parent":0,"menu_order":0,"comment_status":"closed","ping_status":"closed","template":"","meta":{"_monsterinsights_skip_tracking":false,"_monsterinsights_sitenote_active":false,"_monsterinsights_sitenote_note":"","_monsterinsights_sitenote_category":0,"footnotes":""},"class_list":["post-306","page","type-page","status-publish","hentry"],"_links":{"self":[{"href":"https:\/\/www.eggerhof.net\/it\/wp-json\/wp\/v2\/pages\/306"}],"collection":[{"href":"https:\/\/www.eggerhof.net\/it\/wp-json\/wp\/v2\/pages"}],"about":[{"href":"https:\/\/www.eggerhof.net\/it\/wp-json\/wp\/v2\/types\/page"}],"author":[{"embeddable":true,"href":"https:\/\/www.eggerhof.net\/it\/wp-json\/wp\/v2\/users\/1"}],"replies":[{"embeddable":true,"href":"https:\/\/www.eggerhof.net\/it\/wp-json\/wp\/v2\/comments?post=306"}],"version-history":[{"count":4,"href":"https:\/\/www.eggerhof.net\/it\/wp-json\/wp\/v2\/pages\/306\/revisions"}],"predecessor-version":[{"id":677,"href":"https:\/\/www.eggerhof.net\/it\/wp-json\/wp\/v2\/pages\/306\/revisions\/677"}],"wp:attachment":[{"href":"https:\/\/www.eggerhof.net\/it\/wp-json\/wp\/v2\/media?parent=306"}],"curies":[{"name":"wp","href":"https:\/\/api.w.org\/{rel}","templated":true}]}}

<h1>„Wos no wichtig isch!“</h1>
<h2>Cose importanti!</h2>
<p>Vi abbiamo già raccontato molto del nostro maso, ma non vi abbiamo detto tutto. Vorremmo darvi ancora un paio di informazioni importanti prima dell&#8217;inizio della vostra vacanza al maso Eggerhof: è importante che sappiate cosa è compreso nei nostri prezzi e che i vostri amici a quattro zampe sono i benvenuti.</p>
<p>Di seguito troverete un elenco di informazioni importanti per rendere il vostro soggiorno al maso Eggerhof a Racines ancora più bello e confortevole.</p>
<ul>
<li>I prezzi s’intendono per persona, al giorno, solo per il pernottamento.</li>
<li>Le pulizie finali sono comprese nel prezzo. Tutta la biancheria da letto, da tavola e gli asciugamani sono compresi.</li>
<li>W-Lan gratuito in tutti gli appartamenti</li>
<li>Gli appartamenti sono disponibili dalle ore 14:00 del giorno d&#8217;arrivo. Gli ospiti sono pregati di lasciare gli appartamenti entro le ore 09:30 del giorno di partenza.</li>
</ul>
<h2>Per un soggiorno ancora più piacevole:</h2>
<ul>
<li>Su richiesta vi portiamo pane fresco ogni mattina. Cominciare la giornata con<br />
del pane croccante sulla tavola é qualcosa di magnifico!</li>
</ul>
<h2>Importanti informazioni:</h2>
<p>Per arrivi in ritardo o partenze anticipate è previsto l&#8217;addebito dei costi, previsti per legge, per i letti vuoti. Confidiamo nella vostra comprensione, perché per noi un letto vuoto è una gran perdita.</p>
<h2>Cancellazioni:</h2>
<ul>
<li>Per cancellazioni effettuate da 3 mesi a 4 settimane prima dell’arrivo si addebita il 50% del prezzo del soggiorno.</li>
<li>Per cancellazioni effettuate nelle ultime 4 settimane prima della data di arrivo si addebita il 100% del prezzo del soggiorno.</li>
</ul>
<h2>Cani ammessi solo su richiesta!</h2>
<p>Per il vostro amato amico a quattro zampe calcoliamo 5 euro al giorno (cibo non incluso). Vi chiediamo gentilmente di portare il suo cestino/cuscino per farlo dormire.</p>
<p><em>Informazione obbligatoria ai sensi del Regolamento UE n. 524/2016 del Parlamento europeo e del Consiglio<br />
Piattaforma per la risoluzione delle controversie online dei consumatori (ODR) della Commissione europea: </em><a href="http://www.hgv.it/index.php?id=1516&amp;rid=t_423&amp;mid=5572&amp;aC=55b91131&amp;jumpurl=2"><em>http://ec.europa.eu/consumers/odr/</em></a></p>

<p>„Wos no wichtig isch!“ Cose importanti! Vi abbiamo già raccontato molto del nostro maso, ma non vi abbiamo detto tutto. Vorremmo darvi ancora un paio di [&hellip;]</p>
