{"id":304,"date":"2015-12-16T11:10:44","date_gmt":"2015-12-16T10:10:44","guid":{"rendered":"http:\/\/www.muwit.it\/eggerhof\/it\/kinder\/"},"modified":"2016-01-26T10:51:09","modified_gmt":"2016-01-26T09:51:09","slug":"bambini","status":"publish","type":"page","link":"https:\/\/www.eggerhof.net\/it\/bambini\/","title":{"rendered":"Vacanza in estate per bambini"},"content":{"rendered":"<h1>\u201eDie Kinder terfn a mit\u201c<\/h1>\n<h2>Anche i bambini possono venire<\/h2>\n<p>Vacanze in famiglia a Racines, certo, dove altrimenti! Ti aspettano infinite possibilit\u00e0 e molta avventura. In questa pagina avremmo voluto raccontarvi delle numerose gite e escursioni da fare con i vostri bambini, ma il nostro piccolo Fabian ci tiene moltissimo a raccontarvi di tutte le meravigliose scoperte fatte lo scorso fine settimana durante una gita con noi e suo fratello Peter, alla stazione a monte della cabinovia di Racines sul percorso MondoAvventuraMontagna:<\/p>\n<p><img loading=\"lazy\" decoding=\"async\" class=\"wp-image-564 size-medium alignleft\" src=\"https:\/\/www.eggerhof.net\/wp-content\/uploads\/kinderurlaub-eggerhof-240x300.jpg\" alt=\"kinderurlaub-eggerhof\" width=\"240\" height=\"300\" srcset=\"https:\/\/www.eggerhof.net\/wp-content\/uploads\/kinderurlaub-eggerhof-240x300.jpg 240w, https:\/\/www.eggerhof.net\/wp-content\/uploads\/kinderurlaub-eggerhof-117x146.jpg 117w, https:\/\/www.eggerhof.net\/wp-content\/uploads\/kinderurlaub-eggerhof-40x50.jpg 40w, https:\/\/www.eggerhof.net\/wp-content\/uploads\/kinderurlaub-eggerhof-60x75.jpg 60w, https:\/\/www.eggerhof.net\/wp-content\/uploads\/kinderurlaub-eggerhof.jpg 500w\" sizes=\"(max-width: 240px) 100vw, 240px\" \/><div class=\"blockquote\"><blockquote><\/p>\n<p>Sono salito in cima con l&#8217;ovetto e c&#8217;era un grosso pinguino, che si vedeva gi\u00e0 dall&#8217;impianto. Lo conoscevo gi\u00e0, perch\u00e9 il mio pap\u00e0, che lavora qui, me lo aveva gi\u00e0 mostrato un&#8217;altra volta.<br \/>\nDopo ho seguito il percorso fino alla grande ragnatela e mi sono arrampicato fino in cima, Peter invece \u00e8 scivolato. La mamma ha aspettato Peter in fondo allo scivolo e lo ha preso al volo. Io mi sono arrampicato sui tronchi d&#8217;albero e alla fine ho fatto un paio di discese sullo scivolo gigante. Ho anche scoperto un&#8217;enorme torre, dove si pu\u00f2 salire fino in cima; io sono riuscito da solo ad arrivare in cima. Peter invece l&#8217;ha portato su pap\u00e0.<br \/>\nPoco dopo ho notato le formiche giganti, ho preso coraggio e stavo per avvicinarmi quando mi sono accorto che erano fatte di legno e pap\u00e0 ha messo Peter e me seduti sopra le formiche mentre la mamma ci fotografava. Alla fine abbiamo visto anche le marmotte, ma non voglio raccontare troppo, dovete andare a vedere con i vostri occhi.<\/p>\n<p><\/blockquote><\/div>\n<\/p>\n<p><strong>La gita al MondoAvventuraMontagna di Racines<\/strong> \u00e8 stata molto positiva e i bambini conserveranno di certo un bel ricordo di questa giornata. Questi sono i momenti importanti di una vacanza in famiglia.<\/p>\n<p>Per ulteriori informazioni sul percorso MondoAvventuraMontagna di Racines visitate il sito: <a title=\"Racines\" href=\"http:\/\/www.ratschings.info\/\" target=\"_blank\">www. ratschings.info<\/a><\/p>","protected":false},"excerpt":{"rendered":"<p>\u201eDie Kinder terfn a mit\u201c Anche i bambini possono venire Vacanze in famiglia a Racines, certo, dove altrimenti! Ti aspettano infinite possibilit\u00e0 e molta avventura. In [&hellip;]<\/p>\n","protected":false},"author":1,"featured_media":0,"parent":0,"menu_order":0,"comment_status":"closed","ping_status":"closed","template":"","meta":{"_monsterinsights_skip_tracking":false,"_monsterinsights_sitenote_active":false,"_monsterinsights_sitenote_note":"","_monsterinsights_sitenote_category":0,"footnotes":""},"class_list":["post-304","page","type-page","status-publish","hentry"],"_links":{"self":[{"href":"https:\/\/www.eggerhof.net\/it\/wp-json\/wp\/v2\/pages\/304"}],"collection":[{"href":"https:\/\/www.eggerhof.net\/it\/wp-json\/wp\/v2\/pages"}],"about":[{"href":"https:\/\/www.eggerhof.net\/it\/wp-json\/wp\/v2\/types\/page"}],"author":[{"embeddable":true,"href":"https:\/\/www.eggerhof.net\/it\/wp-json\/wp\/v2\/users\/1"}],"replies":[{"embeddable":true,"href":"https:\/\/www.eggerhof.net\/it\/wp-json\/wp\/v2\/comments?post=304"}],"version-history":[{"count":5,"href":"https:\/\/www.eggerhof.net\/it\/wp-json\/wp\/v2\/pages\/304\/revisions"}],"predecessor-version":[{"id":567,"href":"https:\/\/www.eggerhof.net\/it\/wp-json\/wp\/v2\/pages\/304\/revisions\/567"}],"wp:attachment":[{"href":"https:\/\/www.eggerhof.net\/it\/wp-json\/wp\/v2\/media?parent=304"}],"curies":[{"name":"wp","href":"https:\/\/api.w.org\/{rel}","templated":true}]}}

<h1>„Die Kinder terfn a mit“</h1>
<h2>Anche i bambini possono venire</h2>
<p>Vacanze in famiglia a Racines, certo, dove altrimenti! Ti aspettano infinite possibilità e molta avventura. In questa pagina avremmo voluto raccontarvi delle numerose gite e escursioni da fare con i vostri bambini, ma il nostro piccolo Fabian ci tiene moltissimo a raccontarvi di tutte le meravigliose scoperte fatte lo scorso fine settimana durante una gita con noi e suo fratello Peter, alla stazione a monte della cabinovia di Racines sul percorso MondoAvventuraMontagna:</p>
<p><img loading="lazy" decoding="async" class="wp-image-564 size-medium alignleft" src="https://www.eggerhof.net/wp-content/uploads/kinderurlaub-eggerhof-240x300.jpg" alt="kinderurlaub-eggerhof" width="240" height="300" srcset="https://www.eggerhof.net/wp-content/uploads/kinderurlaub-eggerhof-240x300.jpg 240w, https://www.eggerhof.net/wp-content/uploads/kinderurlaub-eggerhof-117x146.jpg 117w, https://www.eggerhof.net/wp-content/uploads/kinderurlaub-eggerhof-40x50.jpg 40w, https://www.eggerhof.net/wp-content/uploads/kinderurlaub-eggerhof-60x75.jpg 60w, https://www.eggerhof.net/wp-content/uploads/kinderurlaub-eggerhof.jpg 500w" sizes="(max-width: 240px) 100vw, 240px" /><div class="blockquote"><blockquote></p>
<p>Sono salito in cima con l&#8217;ovetto e c&#8217;era un grosso pinguino, che si vedeva già dall&#8217;impianto. Lo conoscevo già, perché il mio papà, che lavora qui, me lo aveva già mostrato un&#8217;altra volta.<br />
Dopo ho seguito il percorso fino alla grande ragnatela e mi sono arrampicato fino in cima, Peter invece è scivolato. La mamma ha aspettato Peter in fondo allo scivolo e lo ha preso al volo. Io mi sono arrampicato sui tronchi d&#8217;albero e alla fine ho fatto un paio di discese sullo scivolo gigante. Ho anche scoperto un&#8217;enorme torre, dove si può salire fino in cima; io sono riuscito da solo ad arrivare in cima. Peter invece l&#8217;ha portato su papà.<br />
Poco dopo ho notato le formiche giganti, ho preso coraggio e stavo per avvicinarmi quando mi sono accorto che erano fatte di legno e papà ha messo Peter e me seduti sopra le formiche mentre la mamma ci fotografava. Alla fine abbiamo visto anche le marmotte, ma non voglio raccontare troppo, dovete andare a vedere con i vostri occhi.</p>
<p></blockquote></div>
</p>
<p><strong>La gita al MondoAvventuraMontagna di Racines</strong> è stata molto positiva e i bambini conserveranno di certo un bel ricordo di questa giornata. Questi sono i momenti importanti di una vacanza in famiglia.</p>
<p>Per ulteriori informazioni sul percorso MondoAvventuraMontagna di Racines visitate il sito: <a title="Racines" href="http://www.ratschings.info/" target="_blank">www. ratschings.info</a></p>

<p>„Die Kinder terfn a mit“ Anche i bambini possono venire Vacanze in famiglia a Racines, certo, dove altrimenti! Ti aspettano infinite possibilità e molta avventura. In [&hellip;]</p>
