{"id":300,"date":"2015-12-16T10:54:07","date_gmt":"2015-12-16T09:54:07","guid":{"rendered":"http:\/\/www.muwit.it\/eggerhof\/it\/bike\/"},"modified":"2015-12-24T15:20:00","modified_gmt":"2015-12-24T14:20:00","slug":"bike","status":"publish","type":"page","link":"https:\/\/www.eggerhof.net\/it\/bike\/","title":{"rendered":"Mountainbike &#038; Ebike"},"content":{"rendered":"<h1>\u201eMein Radl und I\u201c<\/h1>\n<h2>Io e la mia bici<\/h2>\n<p>Avete il coraggio di fare un giro in bicicletta con me? Vi far\u00f2 da guida in un posto di particolare interesse: il tour panoramico di Racines. La partenza \u00e8 alla stazione a valle della cabinovia di Racines a Colle. Si prosegue lungo la valle in direzione Pulverer, svoltiamo subito a sinistra e risaliamo una ripida forestale. Passiamo a tutta velocit\u00e0 la malga Kaserlicht Alm e proseguiamo sul breve sentiero che ci porta alla malga Wasserfalleralm. La salita \u00e8 un po&#8217; faticosa, ma vedrete che tutti i vostri sforzi saranno ripagati, perch\u00e9 a breve vi troverete di fronte ad un magnifico panorama. Proseguiamo sull\u2019alta via che ci condurr\u00e0 per malghe, alla Kalcheralm e poco prima della strada del Passo Giovo a sinistra. Su questo percorso attraverseremo pi\u00f9 volte la strada del passo fino a raggiungere Calice, dove svolteremo a sinistra e arriveremo al bosco dopo aver attraversato i prati. Seguendo il sentiero Val Racines ritorneremo a Racines-Colle, alla stazione a valle di Racines.<\/p>\n<p><strong>Vi \u00e8 piaciuto il giro di oggi? Ho mantenuto le mie promesse? Il panorama \u00e8 semplicemente mozzafiato, vero?<\/strong><\/p>\n<p>Se invece non vi sentite abbastanza in forma per il giro in mountainbike, affittate una comoda e-bike e pedalate sul percorso sopra descritto. La batteria vi aiuter\u00e0 in salita e farete molta meno fatica!<\/p>\n<p><strong>Per noleggiare mountainbike e e-bike rivolgetevi ad uno dei negozi Rent and Go. Testate voi stessi queste particolari biciclette: sar\u00e0 un&#8217;esperienza unica!<\/strong><\/p>","protected":false},"excerpt":{"rendered":"<p>\u201eMein Radl und I\u201c Io e la mia bici Avete il coraggio di fare un giro in bicicletta con me? Vi far\u00f2 da guida in un [&hellip;]<\/p>\n","protected":false},"author":1,"featured_media":0,"parent":0,"menu_order":0,"comment_status":"closed","ping_status":"closed","template":"","meta":{"_monsterinsights_skip_tracking":false,"_monsterinsights_sitenote_active":false,"_monsterinsights_sitenote_note":"","_monsterinsights_sitenote_category":0,"footnotes":""},"class_list":["post-300","page","type-page","status-publish","hentry"],"_links":{"self":[{"href":"https:\/\/www.eggerhof.net\/it\/wp-json\/wp\/v2\/pages\/300"}],"collection":[{"href":"https:\/\/www.eggerhof.net\/it\/wp-json\/wp\/v2\/pages"}],"about":[{"href":"https:\/\/www.eggerhof.net\/it\/wp-json\/wp\/v2\/types\/page"}],"author":[{"embeddable":true,"href":"https:\/\/www.eggerhof.net\/it\/wp-json\/wp\/v2\/users\/1"}],"replies":[{"embeddable":true,"href":"https:\/\/www.eggerhof.net\/it\/wp-json\/wp\/v2\/comments?post=300"}],"version-history":[{"count":3,"href":"https:\/\/www.eggerhof.net\/it\/wp-json\/wp\/v2\/pages\/300\/revisions"}],"predecessor-version":[{"id":524,"href":"https:\/\/www.eggerhof.net\/it\/wp-json\/wp\/v2\/pages\/300\/revisions\/524"}],"wp:attachment":[{"href":"https:\/\/www.eggerhof.net\/it\/wp-json\/wp\/v2\/media?parent=300"}],"curies":[{"name":"wp","href":"https:\/\/api.w.org\/{rel}","templated":true}]}}

<h1>„Mein Radl und I“</h1>
<h2>Io e la mia bici</h2>
<p>Avete il coraggio di fare un giro in bicicletta con me? Vi farò da guida in un posto di particolare interesse: il tour panoramico di Racines. La partenza è alla stazione a valle della cabinovia di Racines a Colle. Si prosegue lungo la valle in direzione Pulverer, svoltiamo subito a sinistra e risaliamo una ripida forestale. Passiamo a tutta velocità la malga Kaserlicht Alm e proseguiamo sul breve sentiero che ci porta alla malga Wasserfalleralm. La salita è un po&#8217; faticosa, ma vedrete che tutti i vostri sforzi saranno ripagati, perché a breve vi troverete di fronte ad un magnifico panorama. Proseguiamo sull’alta via che ci condurrà per malghe, alla Kalcheralm e poco prima della strada del Passo Giovo a sinistra. Su questo percorso attraverseremo più volte la strada del passo fino a raggiungere Calice, dove svolteremo a sinistra e arriveremo al bosco dopo aver attraversato i prati. Seguendo il sentiero Val Racines ritorneremo a Racines-Colle, alla stazione a valle di Racines.</p>
<p><strong>Vi è piaciuto il giro di oggi? Ho mantenuto le mie promesse? Il panorama è semplicemente mozzafiato, vero?</strong></p>
<p>Se invece non vi sentite abbastanza in forma per il giro in mountainbike, affittate una comoda e-bike e pedalate sul percorso sopra descritto. La batteria vi aiuterà in salita e farete molta meno fatica!</p>
<p><strong>Per noleggiare mountainbike e e-bike rivolgetevi ad uno dei negozi Rent and Go. Testate voi stessi queste particolari biciclette: sarà un&#8217;esperienza unica!</strong></p>

<p>„Mein Radl und I“ Io e la mia bici Avete il coraggio di fare un giro in bicicletta con me? Vi farò da guida in un [&hellip;]</p>
