{"id":278,"date":"2015-12-16T06:14:39","date_gmt":"2015-12-16T05:14:39","guid":{"rendered":"http:\/\/www.muwit.it\/eggerhof\/it\/appartements\/wohnung-2\/"},"modified":"2016-01-26T10:03:26","modified_gmt":"2016-01-26T09:03:26","slug":"appartamento-2","status":"publish","type":"page","link":"https:\/\/www.eggerhof.net\/it\/appartamenti\/appartamento-2\/","title":{"rendered":"Appartamento 2"},"content":{"rendered":"<h1>Appartamento 2<\/h1>\n<p>L\u2018appartamento 2 \u00e8 abbastanza ampio per accogliere 4 &#8211; 6 persone. Quest\u2019appartamento \u00e9 il pi\u00f9 grande e spazioso di tutta la casa: \u00e9 dotato di due camere con letto matrimoniale e di un grande divano letto in soggiorno.<\/p>\n<p>Racines non \u00e9 solo una localit\u00e0 molto ambita in inverno per il suo comprensorio sciistico, \u00e8 meta che attrae molti ospiti anche in estate dove, oltre alle escursioni nella natura, si possono fare delle gite culturali nella vicina cittadina di Vipiteno.<\/p>\n<p>Tutte le attivit\u00e0 sono consigliate per vacanze con la famiglia o con gli amici. Nel nostro appartamento vacanze nr. 2 c&#8217;\u00e8 posto per tutti!<\/p>\n<h2>PREZZI<\/h2>\n\n<table id=\"tablepress-2\" class=\"tablepress tablepress-id-2\">\n<thead>\n<tr class=\"row-1\">\n\t<th class=\"column-1\"><\/th><th class=\"column-2\">Inverno 24 \/ 2025<\/th><th class=\"column-3\">Estate 2025<\/th>\n<\/tr>\n<\/thead>\n<tbody class=\"row-hover\">\n<tr class=\"row-2\">\n\t<td class=\"column-1\">Bassa Stagione<\/td><td class=\"column-2\">30,00 \u20ac<\/td><td class=\"column-3\">30,00 \u20ac - 32,00 \u20ac<\/td>\n<\/tr>\n<tr class=\"row-3\">\n\t<td class=\"column-1\">Alta Stagione<\/td><td class=\"column-2\">32,00 \u20ac - 35,00 \u20ac<\/td><td class=\"column-3\">32,00 \u20ac - 35,00 \u20ac<\/td>\n<\/tr>\n<\/tbody>\n<\/table>\n<!-- #tablepress-2 from cache -->\n<p>&nbsp;<\/p>","protected":false},"excerpt":{"rendered":"<p>Appartamento 2 L\u2018appartamento 2 \u00e8 abbastanza ampio per accogliere 4 &#8211; 6 persone. Quest\u2019appartamento \u00e9 il pi\u00f9 grande e spazioso di tutta la casa: \u00e9 dotato [&hellip;]<\/p>\n","protected":false},"author":1,"featured_media":0,"parent":274,"menu_order":0,"comment_status":"closed","ping_status":"closed","template":"","meta":{"_monsterinsights_skip_tracking":false,"_monsterinsights_sitenote_active":false,"_monsterinsights_sitenote_note":"","_monsterinsights_sitenote_category":0,"footnotes":""},"class_list":["post-278","page","type-page","status-publish","hentry"],"_links":{"self":[{"href":"https:\/\/www.eggerhof.net\/it\/wp-json\/wp\/v2\/pages\/278"}],"collection":[{"href":"https:\/\/www.eggerhof.net\/it\/wp-json\/wp\/v2\/pages"}],"about":[{"href":"https:\/\/www.eggerhof.net\/it\/wp-json\/wp\/v2\/types\/page"}],"author":[{"embeddable":true,"href":"https:\/\/www.eggerhof.net\/it\/wp-json\/wp\/v2\/users\/1"}],"replies":[{"embeddable":true,"href":"https:\/\/www.eggerhof.net\/it\/wp-json\/wp\/v2\/comments?post=278"}],"version-history":[{"count":3,"href":"https:\/\/www.eggerhof.net\/it\/wp-json\/wp\/v2\/pages\/278\/revisions"}],"predecessor-version":[{"id":549,"href":"https:\/\/www.eggerhof.net\/it\/wp-json\/wp\/v2\/pages\/278\/revisions\/549"}],"up":[{"embeddable":true,"href":"https:\/\/www.eggerhof.net\/it\/wp-json\/wp\/v2\/pages\/274"}],"wp:attachment":[{"href":"https:\/\/www.eggerhof.net\/it\/wp-json\/wp\/v2\/media?parent=278"}],"curies":[{"name":"wp","href":"https:\/\/api.w.org\/{rel}","templated":true}]}}

<h1>Appartamento 2</h1>
<p>L‘appartamento 2 è abbastanza ampio per accogliere 4 &#8211; 6 persone. Quest’appartamento é il più grande e spazioso di tutta la casa: é dotato di due camere con letto matrimoniale e di un grande divano letto in soggiorno.</p>
<p>Racines non é solo una località molto ambita in inverno per il suo comprensorio sciistico, è meta che attrae molti ospiti anche in estate dove, oltre alle escursioni nella natura, si possono fare delle gite culturali nella vicina cittadina di Vipiteno.</p>
<p>Tutte le attività sono consigliate per vacanze con la famiglia o con gli amici. Nel nostro appartamento vacanze nr. 2 c&#8217;è posto per tutti!</p>
<h2>PREZZI</h2>

<table id="tablepress-2" class="tablepress tablepress-id-2">
<thead>
<tr class="row-1">
	<th class="column-1"></th><th class="column-2">Inverno 24 / 2025</th><th class="column-3">Estate 2025</th>
</tr>
</thead>
<tbody class="row-hover">
<tr class="row-2">
	<td class="column-1">Bassa Stagione</td><td class="column-2">30,00 €</td><td class="column-3">30,00 € - 32,00 €</td>
</tr>
<tr class="row-3">
	<td class="column-1">Alta Stagione</td><td class="column-2">32,00 € - 35,00 €</td><td class="column-3">32,00 € - 35,00 €</td>
</tr>
</tbody>
</table>
<!-- #tablepress-2 from cache -->
<p>&nbsp;</p>

<p>Appartamento 2 L‘appartamento 2 è abbastanza ampio per accogliere 4 &#8211; 6 persone. Quest’appartamento é il più grande e spazioso di tutta la casa: é dotato [&hellip;]</p>
